{"id":18,"date":"2012-03-13T16:25:59","date_gmt":"2012-03-13T16:25:59","guid":{"rendered":"http:\/\/www.newlearning.es\/?page_id=18"},"modified":"2019-05-23T16:27:38","modified_gmt":"2019-05-23T16:27:38","slug":"idiomas","status":"publish","type":"page","link":"https:\/\/www.newlearning.es\/?page_id=18","title":{"rendered":"Idiomas"},"content":{"rendered":"<p>En nuestra academia ponemos a tu disposici\u00f3n el aprendizaje de los siguientes idiomas:<\/p>\n<ul>\n<li>Ingl\u00e9s<\/li>\n<li>Franc\u00e9s<\/li>\n<li>Ruso<\/li>\n<li>Catal\u00e1n<\/li>\n<\/ul>\n<p lang=\"es-ES\">Preparaci\u00f3n de ex\u00e1menes oficiales seg\u00fan el \u00abMarco com\u00fan europeo de referencia para las lenguas\u00bb. Cambridge y Trinity Collego London.<\/p>\n<ul>\n<li>A1 Principiante<\/li>\n<li>A2 Elemental<\/li>\n<li>B1 Intermedio bajo<\/li>\n<li>B2 Intermedio alto<\/li>\n<li>C1 Avanzado<\/li>\n<li>C2 Superior<\/li>\n<\/ul>\n<p lang=\"es-ES\">&nbsp;Con m\u00e9todos de ense\u00f1anza constantemente actualizados. Los grupos reducidos, m\u00e1ximo de seis alumnos, nos permiten un trato personalizado con cada uno de nuestros alumnos. Nuestras clases tienen un enfoque principalmente comunicativo, haciendo \u00e9nfasis en el lenguaje oral.<\/p>\n<p>Garant\u00edas que ofrecemos para la mejor formaci\u00f3n en idiomas: experiencia, profesorado competente, m\u00e9todo y servicio.<\/p>\n<p>Somos Centro Examinador Oficial de <strong>TRINITY COLLEGE LONDON<\/strong>.<\/p>\n<p>Trinity College London es una organizaci\u00f3n brit\u00e1nica que&nbsp; desde su fundaci\u00f3n en 1877 ha desarrollado una importante actividad examinadora del ingl\u00e9s como lengua extranjera, ESOL, que incluye, adem\u00e1s de los ex\u00e1menes tradicionales ex\u00e1menes GESE (Graded Exams in Spoken English &#8211; oral), los ex\u00e1menes ISE (Integrated Skills in English &#8211; oral y escrito) y SEW (Spoken English for Work).<\/p>\n<p>Actualmente, miles de estudiantes de todo el mundo realizan los ex\u00e1menes de Trinity como herramienta esencial para determinar su nivel real de uso pr\u00e1ctico de la lengua inglesa y su aplicaci\u00f3n directa tanto al nivel educativo como profesional y empresarial.<\/p>\n<p>Los ex\u00e1menes de Trinity College London gozan de reconocimiento internacional por universidades, empresas, organismos, e instituciones; est\u00e1n plenamente acreditados por las autoridades educativas brit\u00e1nicas a trav\u00e9s de OFQUAL(Office of Qualifications and Examinations Regulation), incluidos en el EQF (European Qualifications Framework); y aprobados por el UKBA (UK Broder Agency).<\/p>\n<p>En Espa\u00f1a, los certificados de Trinity son ampliamente reconocidos por las autoridades educativas de las distintas comunidades aut\u00f3nomas y durante a\u00f1os han sido usados activamente dentro de los proyectos de ense\u00f1anza biling\u00fce.<\/p>\n<p>Los ex\u00e1menes de Trinity College London ofrecen un camino de aprendizaje gradual y completo, desde el inicio a un nivel pre-A1, adecuado para los estudiantes m\u00e1s j\u00f3venes, hasta el nivel C2 m\u00e1s avanzado.<\/p>\n<p><strong>Franc\u00e9s<\/strong><\/p>\n<p>Nuestros cursos y clases de franc\u00e9s son impartidas por profesores nativos.<\/p>\n<p>Todos los niveles, cursos para ni\u00f1os y adultos.<\/p>\n<p>Si ya tienes un nivel alto de franc\u00e9s, ap\u00fantate a nuestros cursos de conversaci\u00f3n.<\/p>\n<p>Cursos intensivos. Si necesitas un aprendizaje espec\u00edfico o la preparaci\u00f3n de ex\u00e1menes. En grupos reducidos, con una inmersi\u00f3n total para lograr tus objetivos.<\/p>\n<p>Tenemos amplia experiencia en la preparaci\u00f3n de ex\u00e1menes DELF y DALF. Conocemos los distintos tipos de examen y aportamos a nuestros alumnos las estrategias para aprobarlos.<\/p>\n<p>&nbsp;<\/p>\n","protected":false},"excerpt":{"rendered":"<p>En nuestra academia ponemos a tu disposici\u00f3n el aprendizaje de los siguientes idiomas: Ingl\u00e9s Franc\u00e9s Ruso Catal\u00e1n Preparaci\u00f3n de ex\u00e1menes oficiales seg\u00fan el \u00abMarco com\u00fan europeo de referencia para las lenguas\u00bb. Cambridge y Trinity Collego London. A1 Principiante A2 Elemental &hellip; <a href=\"https:\/\/www.newlearning.es\/?page_id=18\">Sigue leyendo <span class=\"meta-nav\">&rarr;<\/span><\/a><\/p>\n","protected":false},"author":1,"featured_media":0,"parent":0,"menu_order":0,"comment_status":"closed","ping_status":"closed","template":"","meta":{"footnotes":""},"class_list":["post-18","page","type-page","status-publish","hentry"],"_links":{"self":[{"href":"https:\/\/www.newlearning.es\/index.php?rest_route=\/wp\/v2\/pages\/18","targetHints":{"allow":["GET"]}}],"collection":[{"href":"https:\/\/www.newlearning.es\/index.php?rest_route=\/wp\/v2\/pages"}],"about":[{"href":"https:\/\/www.newlearning.es\/index.php?rest_route=\/wp\/v2\/types\/page"}],"author":[{"embeddable":true,"href":"https:\/\/www.newlearning.es\/index.php?rest_route=\/wp\/v2\/users\/1"}],"replies":[{"embeddable":true,"href":"https:\/\/www.newlearning.es\/index.php?rest_route=%2Fwp%2Fv2%2Fcomments&post=18"}],"version-history":[{"count":10,"href":"https:\/\/www.newlearning.es\/index.php?rest_route=\/wp\/v2\/pages\/18\/revisions"}],"predecessor-version":[{"id":179,"href":"https:\/\/www.newlearning.es\/index.php?rest_route=\/wp\/v2\/pages\/18\/revisions\/179"}],"wp:attachment":[{"href":"https:\/\/www.newlearning.es\/index.php?rest_route=%2Fwp%2Fv2%2Fmedia&parent=18"}],"curies":[{"name":"wp","href":"https:\/\/api.w.org\/{rel}","templated":true}]}}