{"id":38,"date":"2012-03-13T16:41:55","date_gmt":"2012-03-13T16:41:55","guid":{"rendered":"http:\/\/www.newlearning.es\/?page_id=38"},"modified":"2019-05-23T16:28:11","modified_gmt":"2019-05-23T16:28:11","slug":"otros-sevicios","status":"publish","type":"page","link":"https:\/\/www.newlearning.es\/?page_id=38","title":{"rendered":"Otros sevicios"},"content":{"rendered":"<p>&nbsp;<\/p>\n<p><strong>Traducciones<\/strong><\/p>\n<p>En New Learning te ofrecemos un servicio de traducciones t\u00e9cnicas o de documentos, cartas, etc.<\/p>\n<p><strong>Cursos personalizados<\/strong><\/p>\n<p>Cursos a medida. Nos adaptamos a las necesidades del alumno, grupo o empresa. Los programas se planifican y dise\u00f1an en funci\u00f3n de los intereses de cada grupo.<\/p>\n<p>En nuestro propio centro o en el lugar que decida el cliente.<\/p>\n<p><strong>Formaci\u00f3n para empresas<\/strong><\/p>\n<p>El ingl\u00e9s es el idioma de los negocios, por ello las empresas apuestan por una formaci\u00f3n cont\u00ednua de sus trabajadores.<\/p>\n<p>Con la metodolog\u00eda de nuestra academia hablar\u00e1s ingl\u00e9s con fluidez y confianza.<\/p>\n<p>Ofrecemos a las empresas una gran variedad de horarios y modalidades. Las clases son personalizadas, pr\u00e1cticas y din\u00e1micas.<\/p>\n<p>&nbsp;<\/p>\n","protected":false},"excerpt":{"rendered":"<p>&nbsp; Traducciones En New Learning te ofrecemos un servicio de traducciones t\u00e9cnicas o de documentos, cartas, etc. Cursos personalizados Cursos a medida. Nos adaptamos a las necesidades del alumno, grupo o empresa. Los programas se planifican y dise\u00f1an en funci\u00f3n &hellip; <a href=\"https:\/\/www.newlearning.es\/?page_id=38\">Sigue leyendo <span class=\"meta-nav\">&rarr;<\/span><\/a><\/p>\n","protected":false},"author":1,"featured_media":0,"parent":0,"menu_order":0,"comment_status":"closed","ping_status":"closed","template":"","meta":{"footnotes":""},"class_list":["post-38","page","type-page","status-publish","hentry"],"_links":{"self":[{"href":"https:\/\/www.newlearning.es\/index.php?rest_route=\/wp\/v2\/pages\/38","targetHints":{"allow":["GET"]}}],"collection":[{"href":"https:\/\/www.newlearning.es\/index.php?rest_route=\/wp\/v2\/pages"}],"about":[{"href":"https:\/\/www.newlearning.es\/index.php?rest_route=\/wp\/v2\/types\/page"}],"author":[{"embeddable":true,"href":"https:\/\/www.newlearning.es\/index.php?rest_route=\/wp\/v2\/users\/1"}],"replies":[{"embeddable":true,"href":"https:\/\/www.newlearning.es\/index.php?rest_route=%2Fwp%2Fv2%2Fcomments&post=38"}],"version-history":[{"count":7,"href":"https:\/\/www.newlearning.es\/index.php?rest_route=\/wp\/v2\/pages\/38\/revisions"}],"predecessor-version":[{"id":151,"href":"https:\/\/www.newlearning.es\/index.php?rest_route=\/wp\/v2\/pages\/38\/revisions\/151"}],"wp:attachment":[{"href":"https:\/\/www.newlearning.es\/index.php?rest_route=%2Fwp%2Fv2%2Fmedia&parent=38"}],"curies":[{"name":"wp","href":"https:\/\/api.w.org\/{rel}","templated":true}]}}